{"id":10551,"date":"2023-07-10T17:13:36","date_gmt":"2023-07-10T20:13:36","guid":{"rendered":"https:\/\/vitoria-airport.kaptiva.com.br\/?page_id=10551"},"modified":"2025-01-17T17:56:04","modified_gmt":"2025-01-17T20:56:04","slug":"minha-conta","status":"publish","type":"page","link":"https:\/\/vitoria-airport.kaptiva.com.br\/index.php\/minha-conta\/","title":{"rendered":"Minha conta"},"content":{"rendered":"\t\t<div data-elementor-type=\"wp-page\" data-elementor-id=\"10551\" class=\"elementor elementor-10551\" data-elementor-post-type=\"page\">\n\t\t\t\t\t\t\t\t\t<section class=\"elementor-section elementor-top-section elementor-element elementor-element-05d8ae8 elementor-section-boxed elementor-section-height-default elementor-section-height-default\" data-id=\"05d8ae8\" data-element_type=\"section\">\n\t\t\t\t\t\t<div class=\"elementor-container elementor-column-gap-default\">\n\t\t\t\t\t<div class=\"elementor-column elementor-col-100 elementor-top-column elementor-element elementor-element-880e5a4\" data-id=\"880e5a4\" data-element_type=\"column\">\n\t\t\t<div class=\"elementor-widget-wrap elementor-element-populated\">\n\t\t\t\t\t\t\t\t<div class=\"elementor-element elementor-element-50ff9e6 e-my-account-tabs-vertical elementor-widget elementor-widget-woocommerce-my-account\" data-id=\"50ff9e6\" data-element_type=\"widget\" data-widget_type=\"woocommerce-my-account.default\">\n\t\t\t\t<div class=\"elementor-widget-container\">\n\t\t\t<link rel=\"stylesheet\" href=\"https:\/\/vitoria-airport.kaptiva.com.br\/wp-content\/plugins\/elementor-pro\/assets\/css\/widget-woocommerce.min.css\"><div class=\"e-my-account-tab e-my-account-tab__ \">\t\t\t<span class=\"elementor-hidden\">[woocommerce_my_account]<\/span>\n\t\t\t<div class=\"woocommerce\"><\/div>\t\t<\/div>\n\t\t\t\t<\/div>\n\t\t\t\t<\/div>\n\t\t\t\t\t<\/div>\n\t\t<\/div>\n\t\t\t\t\t\t\t<\/div>\n\t\t<\/section>\n\t\t\t\t\t\t\t<\/div>\n\t\t","protected":false},"excerpt":{"rendered":"<p>Meus cursos Meus dados Desconectar Voc\u00ea n\u00e3o tem permiss\u00e3o para efetuar compras! Ol\u00e1, Elson da Silva Santos (n\u00e3o \u00e9 Elson da Silva Santos? Sair) A partir do painel de controle de sua conta, voc\u00ea pode ver suas compras recentes, gerenciar seus endere\u00e7os de entrega e faturamento, e editar sua senha e detalhes da conta.<\/p>\n","protected":false},"author":8,"featured_media":0,"parent":0,"menu_order":0,"comment_status":"closed","ping_status":"closed","template":"elementor_header_footer","meta":{"_uag_custom_page_level_css":"","site-sidebar-layout":"no-sidebar","site-content-layout":"page-builder","ast-global-header-display":"","ast-banner-title-visibility":"","ast-main-header-display":"","ast-hfb-above-header-display":"","ast-hfb-below-header-display":"","ast-hfb-mobile-header-display":"","site-post-title":"disabled","ast-breadcrumbs-content":"","ast-featured-img":"disabled","footer-sml-layout":"","theme-transparent-header-meta":"default","adv-header-id-meta":"","stick-header-meta":"default","header-above-stick-meta":"","header-main-stick-meta":"","header-below-stick-meta":""},"acf":[],"uagb_featured_image_src":{"full":false,"thumbnail":false,"medium":false,"medium_large":false,"large":false,"1536x1536":false,"2048x2048":false,"course_single":false,"course_archive":false,"woocommerce_thumbnail":false,"woocommerce_single":false,"woocommerce_gallery_thumbnail":false},"uagb_author_info":{"display_name":"Elson da Silva Santos","author_link":"https:\/\/vitoria-airport.kaptiva.com.br\/index.php\/author\/elson-silva\/"},"uagb_comment_info":0,"uagb_excerpt":"Meus cursos Meus dados Desconectar Voc\u00ea n\u00e3o tem permiss\u00e3o para efetuar compras! Ol\u00e1, Elson da Silva Santos (n\u00e3o \u00e9 Elson da Silva Santos? Sair) A partir do painel de controle de sua conta, voc\u00ea pode ver suas compras recentes, gerenciar seus endere\u00e7os de entrega e faturamento, e editar sua senha e detalhes da conta.","_links":{"self":[{"href":"https:\/\/vitoria-airport.kaptiva.com.br\/index.php\/wp-json\/wp\/v2\/pages\/10551"}],"collection":[{"href":"https:\/\/vitoria-airport.kaptiva.com.br\/index.php\/wp-json\/wp\/v2\/pages"}],"about":[{"href":"https:\/\/vitoria-airport.kaptiva.com.br\/index.php\/wp-json\/wp\/v2\/types\/page"}],"author":[{"embeddable":true,"href":"https:\/\/vitoria-airport.kaptiva.com.br\/index.php\/wp-json\/wp\/v2\/users\/8"}],"replies":[{"embeddable":true,"href":"https:\/\/vitoria-airport.kaptiva.com.br\/index.php\/wp-json\/wp\/v2\/comments?post=10551"}],"version-history":[{"count":14,"href":"https:\/\/vitoria-airport.kaptiva.com.br\/index.php\/wp-json\/wp\/v2\/pages\/10551\/revisions"}],"predecessor-version":[{"id":13710,"href":"https:\/\/vitoria-airport.kaptiva.com.br\/index.php\/wp-json\/wp\/v2\/pages\/10551\/revisions\/13710"}],"wp:attachment":[{"href":"https:\/\/vitoria-airport.kaptiva.com.br\/index.php\/wp-json\/wp\/v2\/media?parent=10551"}],"curies":[{"name":"wp","href":"https:\/\/api.w.org\/{rel}","templated":true}]}}